 7*r + 31. Calculate the remainder when 44 is divided by n(3).
16
Let l = 4 + 26. What is the remainder when 57 is divided by l?
27
Calculate the remainder when (2 - 62/2)/(-1) is divided by (-15)/2*(-8)/6.
9
Let s be (2 + 10/(-4))*2. Let j = 7 + 2. What is the remainder when 15 + 1 + (s - -1) is divided by j?
7
Let h(o) = o**2 - 12. Calculate the remainder when 74 is divided by h(5).
9
Let o(b) = 2*b**2 + b. Let h be o(1). Suppose -2*u = -4*a + 190, -u - 10 = -h*u. Let m(i) = i**2 + 1. Calculate the remainder when a is divided by m(-4).
16
Let z(s) = -3*s**3 - 4*s**2 - 3*s - 1. Suppose 0 = -5*m - 0 + 10. What is the remainder when (m + -1)/((-1)/(-37)) is divided by z(-2)?
11
Let n(m) = 5*m**2 + 3 - 14*m + 4*m - 4*m**2. Suppose -24 = -3*j + 6. What is the remainder when j is divided by n(10)?
1
Suppose -32 = -2*d - 12. Suppose -4*b = j - 24, 0*b - b + 4*j + 6 = 0. Suppose -d = -a + b. Calculate the remainder when 47 is divided by a.
15
Suppose q = 4*d + 5, 5*q + 3*d - 3 - 22 = 0. Suppose q*g + 4*v = 222, 22 = g + 2*v - 20. Let i = 258 + -242. Calculate the remainder when g is divided by i.
14
Let t be (-524)/(-3) - 1/(-3). Let x = -114 + t. Calculate the remainder when x is divided by 21.
19
Suppose 0 = -0*f - 3*f. Suppose f = 5*n + 6 - 21. Let g = 3 - -4. Calculate the remainder when g is divided by n.
1
Let q = -11 + 11. Suppose q = -2*v + 5*v - 42. What is the remainder when 40 is divided by v?
12
Let o(r) = 13*r**3 - 4*r + 5*r**2 - 14*r**3 + 1 - 4*r**2. Calculate the remainder when o(-3) is divided by 13.
10
Let z(w) be the first derivative of w**2 + 1. Calculate the remainder when 9 + 5/((-15)/9) is divided by z(2).
2
Let i be 29 + (12/(-4) - -2). Let j = -13 + i. What is the remainder when 59 is divided by j?
14
Let z be -2 + 4 + -3 - 17. Let y = -8 - z. What is the remainder when 18 is divided by y?
8
Let p(r) be the first derivative of -r**4/4 - r**3 + 5*r**2/2 + 4*r - 1. What is the remainder when p(-5) is divided by 15?
14
Let v(l) = l**3 - 10*l**2 - 11*l + 6. What is the remainder when v(11) is divided by 6?
0
Let h(s) = s**3 + 9*s**2 - 2*s - 11. Let p be h(-8). Suppose -r + p = -2. Suppose 1 = t, 0*o + 5*t - r = -2*o. What is the remainder when o is divided by 17?
16
Suppose 0 = -5*x - 15, 42 + 0 = 3*o - 5*x. Let h(q) = q + 5. What is the remainder when 25 is divided by h(o)?
11
Let q(w) = w - 1 + 6*w + 9*w - 7*w. Let r = -3 - -6. Calculate the remainder when q(r) is divided by 9.
8
Let k be -1 + 0 + 1 + 6. Let a = 38 + k. Suppose 0 = -5*l + s + 53, 0 = -5*l + 3*s - 5*s + a. Calculate the remainder when l is divided by 6.
4
Let i(q) = 4*q**2 - q - 2. Let c(m) = m**2 - 6*m - 4. Let r be c(-5). Let j = r - 28. What is the remainder when j is divided by i(2)?
11
Let b(f) = 3*f + 1. Let k = -2 - -6. What is the remainder when b(3) is divided by k?
2
Let a(q) = 11*q**2 + q. Calculate the remainder when a(1) is divided by 5.
2
Let j = 77 + -43. Let w = 149 - 95. Suppose -3*q + w = -0*q. Calculate the remainder when j is divided by q.
16
Let r(m) = -2*m + 16. Let x(o) = o - 8. Let p(k) = 3*r(k) + 5*x(k). What is the remainder when 4/14 + 33/7 is divided by p(5)?
2
Let k(n) = -n + 20. Let w(f) = -19. Let v(a) = 3*k(a) + 4*w(a). Calculate the remainder when 15 is divided by v(-8).
7
Let b(h) = -h + 12. Let n be b(-4). Suppose -n = -f + 66. What is the remainder when f is divided by 14?
12
Suppose -7*o - o + 232 = 0. Calculate the remainder when o is divided by 8.
5
Suppose -102 = -2*f + 32. Suppose 2*z - 39 = 5*q, 5*q + 8 + f = 5*z. What is the remainder when 22 is divided by z?
10
Let z(i) = -2*i - i**3 - i - 2 + 9*i**2 - 3*i. Calculate the remainder when z(7) is divided by 14.
12
Suppose -6*l = -3*l - 12, 5*f + 2*l - 23 = 0. Calculate the remainder when 13 is divided by f.
1
Suppose g - 3*g + 10 = 0. Suppose g*h - 6 + 1 = 0, 4*h + 8 = 3*d. What is the remainder when 7 is divided by d?
3
Let t = -5 + 7. Suppose t*f - 3*c = -3*f + 149, 70 = 2*f + 4*c. Calculate the remainder when f is divided by 8.
7
Let c(u) = -5*u - 6. Calculate the remainder when 15 is divided by c(-3).
6
Let m = 14 - -7. What is the remainder when 11 is divided by (4 + -5)/((-3)/m)?
4
Let z be 1662/66 - (-4)/(-22). Let v = z + -4. Suppose 3*b - 3*i - v = 0, 0 = -4*b + 3*i + 18 + 12. Calculate the remainder when 35 is divided by b.
8
Suppose -2*v - v + 9 = 0. Let q(n) = 2 + 0*n - v - n. What is the remainder when 18 is divided by q(-6)?
3
Let m = 51 - -13. Calculate the remainder when (1/2)/(8/m) is divided by 3.
1
Let b = -3 + 7. Let t = 35 + -30. Calculate the remainder when t is divided by b.
1
Suppose 3*g = 4*s - 147, -5*s - 3*g = -g - 178. What is the remainder when s is divided by 19?
17
Calculate the remainder when (6/(-8))/(-3*(-5)/(-240)) is divided by 5.
2
Let k(y) = y + 4. Let h = 3 + -1. Calculate the remainder when k(7) is divided by ((-8)/(-6) - h)*-6.
3
Suppose -2*f + 5*f - 3 = 0. Calculate the remainder when 11*(2 - f)*2 is divided by 8.
6
Suppose 8*q - 40 = 3*q. Suppose u + q = 11. Calculate the remainder when 8 is divided by u.
2
Let q = -25 - -41. Suppose -q - 28 = -4*c. Calculate the remainder when 21 is divided by c.
10
Let h(v) = v**2 - 6*v - 3. What is the remainder when h(10) is divided by 19?
18
Let d(l) = l**2 - 27*l - 117. Let n(f) = -21*f - 1. Calculate the remainder when n(-1) is divided by d(31).
6
Let b = 4 + -1. Suppose -7 = -b*j - 1. Suppose 4*t - 28 = j*t. What is the remainder when t is divided by 8?
6
Let x = 9 - 10. Let c(l) = 32*l + 6. Let y(f) = -1. Let v(t) = -c(t) - 5*y(t). Calculate the remainder when v(x) is divided by 11.
9
Suppose -5*o + 21 = -2*o. Let w = -32 + o. Let n = -6 - w. What is the remainder when n is divided by 10?
9
Let y = 0 + 2. Let m = 4 - 6. What is the remainder when y is divided by 1/(m + 10/4)?
0
Suppose -2*l + 78 + 80 = 3*y, 280 = 4*l - 3*y. Suppose -z - v + l = 3*z, -72 = -3*z + 5*v. Let q = 71 - 15. What is the remainder when q is divided by z?
18
Suppose 0 = 3*k - 5 - 10. Suppose 5*i = 2*h + 30, 3 = -h - i - k. Let d = -6 - h. What is the remainder when 11 is divided by d?
3
What is the remainder when 43 is divided by -4 + (-4)/((-8)/54)?
20
Suppose 4*k - 24 = 8. Calculate the remainder when 38 is divided by k.
6
Suppose 2*f + 551 = 5*m, 0 = -m + 2*f - 5*f + 117. Calculate the remainder when m is divided by 28.
27
Let t be 32/3 + 1/3. Suppose 3*h + 257 = 5*i + 66, 0 = 3*i + 5*h - 135. Calculate the remainder when i is divided by t + 7 + 3*1.
19
Suppose -a + 3*z = -z - 178, -a - 5*z = -178. Suppose -2*u = -0*u - a. Calculate the remainder when u/3 - 6/9 is divided by 10.
9
Suppose 0 = d - 5*d. Let i = d - -9. Calculate the remainder when 25 is divided by i.
7
Let x = 15 - -20. Let f be 6/(1/4*6). Suppose -m - f*b + 22 = 0, m - 7 - 8 = 3*b. Calculate the remainder when x is divided by m.
17
Let x = 11 - 19. Let i = -158 + 100. Calculate the remainder when 19 is divided by i/x + (-2)/8.
5
Let f = 3 + -5. What is the remainder when 17 is divided by 1*(-10)/(f - 0)?
2
Let z(b) = b**2 + 73. Let h be z(0). Suppose -10 = 5*c, 0 = x + 4*x - 4*c - h. Calculate the remainder when 24 is divided by x.
11
Let v(r) = r**2 - 3*r + 5. Let g be v(4). Calculate the remainder when 114/g - (-4)/(-6) is divided by 7.
5
Let b = 76 + -6. What is the remainder when b is divided by 19?
13
Let k(b) = 3*b**2 + 1. Calculate the remainder when k(-4) is divided by 26.
23
Let r be -13 + 3 - (1 + -1). What is the remainder when (-1)/5 + (-32)/r is divided by 2?
1
Suppose -123 = -4*m + 2*h + h, -m = 5*h - 48. Calculate the remainder when m is divided by 9.
6
Let w = 18 + -30. What is the remainder when w/42 + 184/7 is divided by 9?
8
Suppose -5*w + 123 = -22. Suppose h + 15 = -3*g + 56, 2*h - 22 = -2*g. Calculate the remainder when w is divided by g.
14
Suppose 4*m - 3*z = 12, -4*z - 6 = -m - 3. Calculate the remainder when 0 + 92/(m + 1) is divided by 12.
11
Suppose -m + 2 = 5. Let v = m + 6. Let u = -41 - -43. What is the remainder when v is divided by u?
1
Suppose 3*z = 83 + 28. Suppose 3*j = -3*k + 21, -4 = 4*j - 2*k - 44. Let l = j - -4. Calculate the remainder when z is divided by l.
11
Suppose -5*w + 48 = 3*x, 0*x - 40 = -4*w - 4*x. Suppose 0 = d - 5*f - 37, 4*d - 3 - 121 = -4*f. What is the remainder when d is divided by w